e tens digit of 12355?
5
What is the units digit of 1336?
6
What is the thousands digit of 10129?
0
What is the thousands digit of 96351?
6
What is the units digit of 966?
6
What is the units digit of 815?
5
What is the hundreds digit of 58374?
3
What is the hundreds digit of 1936?
9
What is the hundreds digit of 2075?
0
What is the units digit of 11380?
0
What is the ten thousands digit of 13366?
1
What is the tens digit of 30?
3
What is the tens digit of 2650?
5
What is the tens digit of 111?
1
What is the units digit of 12047?
7
What is the hundreds digit of 348?
3
What is the tens digit of 45655?
5
What is the hundred thousands digit of 178138?
1
What is the units digit of 46243?
3
What is the hundreds digit of 1545?
5
What is the units digit of 33901?
1
What is the ten thousands digit of 157551?
5
What is the tens digit of 11835?
3
What is the tens digit of 186?
8
What is the tens digit of 66691?
9
What is the hundreds digit of 113890?
8
What is the thousands digit of 4227?
4
What is the hundreds digit of 534?
5
What is the thousands digit of 3328?
3
What is the thousands digit of 4707?
4
What is the thousands digit of 10448?
0
What is the hundreds digit of 30246?
2
What is the hundreds digit of 6320?
3
What is the tens digit of 61?
6
What is the hundreds digit of 116066?
0
What is the tens digit of 200?
0
What is the thousands digit of 2006?
2
What is the units digit of 57312?
2
What is the tens digit of 58238?
3
What is the tens digit of 5251?
5
What is the hundreds digit of 8874?
8
What is the thousands digit of 4778?
4
What is the tens digit of 8173?
7
What is the tens digit of 7012?
1
What is the hundreds digit of 29749?
7
What is the units digit of 6195?
5
What is the units digit of 58526?
6
What is the tens digit of 9347?
4
What is the tens digit of 1396?
9
What is the hundreds digit of 1762?
7
What is the units digit of 67572?
2
What is the ten thousands digit of 42865?
4
What is the hundreds digit of 78110?
1
What is the hundreds digit of 4697?
6
What is the thousands digit of 28036?
8
What is the units digit of 27504?
4
What is the hundreds digit of 5458?
4
What is the units digit of 5447?
7
What is the tens digit of 1649?
4
What is the tens digit of 9361?
6
What is the thousands digit of 1578?
1
What is the thousands digit of 7116?
7
What is the hundreds digit of 6877?
8
What is the thousands digit of 5922?
5
What is the hundreds digit of 294?
2
What is the thousands digit of 7727?
7
What is the units digit of 5840?
0
What is the tens digit of 8608?
0
What is the units digit of 45704?
4
What is the units digit of 665?
5
What is the units digit of 10441?
1
What is the tens digit of 6342?
4
What is the units digit of 5030?
0
What is the tens digit of 8303?
0
What is the tens digit of 56419?
1
What is the units digit of 949?
9
What is the tens digit of 21105?
0
What is the tens digit of 5027?
2
What is the units digit of 2044?
4
What is the tens digit of 18427?
2
What is the ten thousands digit of 104386?
0
What is the hundreds digit of 857?
8
What is the hundreds digit of 54379?
3
What is the units digit of 3919?
9
What is the units digit of 62781?
1
What is the hundreds digit of 23987?
9
What is the thousands digit of 2997?
2
What is the units digit of 744?
4
What is the tens digit of 10572?
7
What is the tens digit of 111028?
2
What is the hundreds digit of 11440?
4
What is the thousands digit of 5277?
5
What is the hundreds digit of 69645?
6
What is the units digit of 28656?
6
What is the tens digit of 1791?
9
What is the thousands digit of 5162?
5
What is the hundreds digit of 887?
8
What is the units digit of 7158?
8
What is the tens digit of 1242?
4
What is the ten thousands digit of 79807?
7
What is the hundreds digit of 11698?
6
What is the tens digit of 98500?
0
What is the units digit of 2317?
7
What is the thousands digit of 2715?
2
What is the hundreds digit of 1391?
3
What is the hundreds digit of 752?
7
What is the tens digit of 68522?
2
What is the units digit of 377?
7
What is the hundreds digit of 33259?
2
What is the hundreds digit of 881?
8
What is the thousands digit of 25573?
5
What is the thousands digit of 70971?
0
What is the tens digit of 735?
3
What is the units digit of 67899?
9
What is the tens digit of 1171?
7
What is the units digit of 4868?
8
What is the tens digit of 68891?
9
What is the thousands digit of 71299?
1
What is the units digit of 70530?
0
What is the hundreds digit of 2579?
5
What is the tens digit of 563?
6
What is the units digit of 3289?
9
What is the hundreds digit of 22847?
8
What is the tens digit of 9194?
9
What is the ten thousands digit of 84856?
8
What is the thousands digit of 16014?
6
What is the tens digit of 188?
8
What is the thousands digit of 59288?
9
What is the hundreds digit of 280?
2
What is the thousands digit of 111815?
1
What is the hundreds digit of 14488?
4
What is the tens digit of 2432?
3
What is the hundreds digit of 2964?
9
What is the tens digit of 2074?
7
What is the thousands digit of 48775?
8
What is the units digit of 89825?
5
What is the hundreds digit of 1805?
8
What is the hundreds digit of 3610?
6
What is the hundreds digit of 56574?
5
What is the units digit of 1176?
6
What is the thousands digit of 57443?
7
What is the hundreds digit of 1188?
1
What is the units digit of 647?
7
What is the hundreds digit of 3360?
3
What is the tens digit of 8837?
3
What is the units digit of 1797?
7
What is the tens digit of 2575?
7
What is the tens digit of 987?
8
What is the units digit of 2488?
8
What is the thousands digit of 56547?
6
What is the thousands digit of 1074?
1
What is the units digit of 220?
0
What is the thousands digit of 47970?
7
What is the units digit of 630?
0
What is the tens digit of 917?
1
What is the hundreds digit of 7480?
4
What is the hundreds digit of 4546?
5
What is the ten thousands digit of 66975?
6
What is the hundreds digit of 541?
5
What is the hundreds digit of 2531?
5
What is the tens digit of 945?
4
What is the hundred thousands digit of 110868?
1
What is the hundreds digit of 50484?
4
What is the tens digit of 726?
2
What is the units digit of 1226?
6
What is the thousands digit of 25456?
5
What is the thousands digit of 10559?
0
What is the tens digit of 654?
5
What is the tens digit of 15034?
3
What is the thousands digit of 42946?
2
What is the thousands digit of 6076?
6
What is the units digit of 86283?
3
What is the ten thousands digit of 11498?
1
What is the tens digit of 10077?
7
What is the tens digit of 12886?
8
What is the units digit of 3835?
5
What is the hundreds digit of 5777?
7
What is the units digit of 1467?
7
What is the hundreds digit of 6158?
1
What is the thousands digit of 1577?
1
What is the hundreds digit of 10892?
8
What is the ten thousands digit of 10970?
1
What is the units digit of 1404?
4
What is the hundreds digit of 60678?
6
What is the hundreds digit of 24782?
7
What is the thousands digit of 1395?
1
What is the tens digit of 324?
2
What is the tens digit of 933?
3
What is the tens digit of 131663?
6
What is the units digit of 1719?
9
What is the thousands digit of 2356?
2
What is the units digit of 2636?
6
What is the hundreds digit of 23283?
2
What is the hundreds digit of 119573?
5
What is the thousands digit of 60951?
0
What is the ten thousands digit of 50786?
5
What is the thousands digit of 1942?
1
What is the hundreds digit of 25098?
0
What is the hundreds digit of 21869?
8
What is the units digit of 5735?
5
What is the thousands digit of 13344?
3
What is the tens digit of 10207?
0
What is the units digit of 196?
6
What is the tens digit of 3271?
7
What is the tens digit of 286?
8
What is the units digit of 20090?
0
What is the hundreds digit of 1240?
2
What is the thousands digit of 7135?
7
What is the thousands digit of 3696?
3
What is the hundreds digit of 8382?
3
What is the units digit of 14750?
0
What is the hundreds digit of 130?
1
What is the ten thousands digit of 14806?
1
What is the hundreds digit of 6650?
6
What is the units digit of 126731?
1
What is the units digit of 12847?
7
What is the thousands digit of 22387?
2
What is the hundreds digit of 9715?
7
What is the units digit of 148?
8
What is the thousands digit of 50255?
0
What is the hundreds digit of 1612?
6
